 (-22 - -16)) + -23
36
Evaluate (16 - (65 - -20)) + 143.
74
What is -758 + 845 - (48 - -1)?
38
What is (-40 + 43 - 36) + -17?
-50
What is the value of (64 - 10) + -59 - (-30 - -1)?
24
What is the value of 5 + 2 + -84 + 21 + (111 - 50)?
5
What is (13 - (-9 - ((6 - 75) + 11))) + 2?
-34
What is the value of 15 - (-29 + 23 + -4)?
25
Calculate -15 + 42 - (-25 - -3).
49
Calculate 3 + (5 - (-10 - 7 - (0 - 7))).
18
Evaluate 78 + (-32 - 236) - -125.
-65
Evaluate -6 - ((20 - 9) + -4) - 16.
-29
Calculate -8 + -56 + -4 + 13.
-55
(3 - ((7 - 2) + 0)) + (16 + -13 - -35)
36
What is the value of 39 + (4 - 60) + (-25 - 4) - (-4 - 2)?
-40
Calculate (-36 - 3) + 72 + -107 + -18.
-92
What is 34 + (13 - (0 + 23) - (-8 - (4 - 8)))?
28
Calculate 20 - ((-695 - -658) + 1 + 133).
-77
Calculate 29 - 2 - ((19 - 23) + -27 + 25).
33
Calculate 10 + -2 + -7 + -18 + 47.
30
What is (-2 - 0 - (23 - (-20 + -36) - 12)) + 8?
-61
Evaluate (37 - (13 + 23)) + 1 + -6 + -2 - 24.
-30
What is the value of (-12 - (-23 - -25)) + 18 + 7?
11
What is the value of -3 - 47 - (1 - -11 - (2 - -64 - 50))?
-46
What is (76 - 172) + 192 - (1 + 28)?
67
Calculate 39 + (-11 - -12) + 5 + -2 + -16.
27
Calculate -44 + 9 + 23 - (1 + -32).
19
Evaluate (-134 - -81) + -9 + 35 + -6.
-33
Calculate (-25 - (231 + -146)) + (-1 - -3 - 0).
-108
What is the value of 69 + (-2 + -6 - -7) + (-10 - -8) + 13?
79
Evaluate (-362 - -358) + -43 + 5.
-42
What is (0 - -4) + -18 + (948 - 978)?
-44
Calculate (-4 - -45 - 8) + (-4 - (4 - 11)) + -11.
25
1 + -84 + 1 + (-17 - 163) + 194
-68
What is the value of -48 + 105 + -87 + 13?
-17
Evaluate -153 + 43 - (2 + 14 + -47).
-79
Evaluate -26 + (13 - 24) + 30 - (-1 + 1).
-7
Evaluate 80 - -1 - (-60 + (-27 - -89) + -22).
101
7 + -3 + (-13 + -24 + 12 + -1 - 7)
-29
What is 75 + 2 + (-4 - (-12 - -14) - 2)?
69
What is -115 + -22 + 24 + (3 - (-3 + 1)) + 1?
-107
Calculate 32 + -75 + (11 - 33 - -3).
-62
What is the value of (-96 - 4) + (3 - -4 - (-39 - (-13 - 47)))?
-114
Evaluate 3 + (16 - (-20 + (-4 - -72))).
-29
What is the value of 0 + 2 + -5 - (-33 + 5 + -14 + -18)?
57
Calculate 20 + -26 + 16 + -78 - (0 + -13) - 0.
-55
Calculate -113 + (-72 - -159) + 103.
77
What is the value of (377 - 242) + -66 - (-47 - 1)?
117
(38 - 19 - (-8 + 33)) + 26
20
Calculate (-197 + 201 - (-6 + -8 + 5 + 5)) + -129.
-121
What is -114 + -95 + 181 + -75?
-103
Calculate -17123 + 17087 - (-67 + 0).
31
Calculate (16 - 3) + -4 + (-72 - -91).
28
0 - 1 - -10 - (1 + (-12 - (-15 - 31)))
-26
What is the value of -6 - (47 + -4 + -55)?
6
What is (18 - (4 + 0)) + (46 - 30 - (-3 + 95))?
-62
-11 + 24 + -51 + 12
-26
(13 - 13) + 13 + 1 + 5 + -1
18
Evaluate 195 + (-110 - -111 - 98).
98
Calculate 11 + -3 + -6 - (53 + 4 + -12 + 20).
-63
What is the value of -74 + 30 + -3 + 6?
-41
What is the value of (1744 + -1743 - (-1 - (1 - 43))) + -8?
-48
What is 1 + (3 - 5) + 10 - (35 + -14 - 19)?
7
What is the value of -429 - -450 - (-7 + 23)?
5
What is (1 - 23) + 94 + (-69 - 15) + 104?
92
(4 + 164 - 123) + -111 + 1
-65
Evaluate -22 + 61 + 8 + 23 - -32.
102
Evaluate (-15 + (11 - 15 - -9) - -12) + 89 + -2.
89
What is -1 + (178 - 119 - (-1 - -8)) - (2 + -8)?
57
What is the value of -5176 + 5131 - (-1 + (0 - 6))?
-38
Calculate (0 - 45 - -2) + (-100 + 67 - -26).
-50
Calculate 2 + (663 - 722) + (2 + -4 - -3).
-56
What is the value of (-20 + -36 - -40) + 54?
38
What is the value of (201 - 24 - 126) + -104?
-53
22 + 1 + 52 + 28 + -85
18
What is (-74 - 10) + 10 - (210 - 165)?
-119
-105 + 110 + 106 + -177
-66
Calculate (3 + -154 - -171) + (2 - -1 - 68).
-45
-2 + 5 - (44 - (0 + 34))
-7
What is the value of 16 + 0 + (-10158 - -10129)?
-13
What is 38 + (37 - -44 - 131)?
-12
(-8 - (-1 - 6)) + -3 + -34 + -8 + 5
-41
What is (20 - (-91 - -16)) + -5 + -11?
79
19 + (12 + 48 - 84)
-5
What is (-18 - -17) + -23 + 38?
14
What is -7 + (15 - (12 - -3)) + 80?
73
What is the value of (-6 - 8 - (-61 + (-12 - -12 - -1))) + 12?
58
What is -29 - (-20 + 3 - (-34 - 16))?
-62
Evaluate 80 + 0 - (12716 + -12592).
-44
Evaluate 4 + 14 + -18 + 1 + (-39 - (3 - 1)).
-40
Calculate 59 - (23 + -7) - 44.
-1
Calculate (-28 - (-2 - 0)) + 10 + (-25 - -31).
-10
Evaluate (-4 - ((25 - 11) + 22)) + (-3 - -5).
-38
Calculate (8 - -116) + -55 - 55.
14
(29 - -7) + -13 + (6 - (1 - 8))
36
Calculate 18 + 3 + 0 + (-4057 - -4006).
-30
(-24 - (-1 - 12) - 3) + 4 - (-87 - -1)
76
-44 - (19 + -2 + -36 + 146 + -125)
-46
Evaluate -36 - (25 + 18 + -31) - 69.
-117
Evaluate (4 - -2) + (20 - 41) + -16 - -12.
-19
What is -17 + (37 - 7) + 0 + (35 - 2)?
46
Calculate -19 + 181 + -24 + -90.
48
(133 - 169) + (43 - 0) + 38
45
-50 + -68 + 38 - (2 - 8 - -2)
-76
What is the value of -45 - ((-48 - (28 + -8)) + 31)?
-8
What is 7 - (-178 - (-7 + -88))?
90
What is -708 + 671 + (15 - 2) + -2?
-26
-79 + -4 + (11 + 7 - (37 - 6))
-96
What is the value of 5 + (2 - (0 + 5 - 3)) - (37 - 103)?
71
What is the value of -8 + 84 + -143 - ((-5 - -2) + 0 + -6)?
-58
Evaluate -57 + (69 - 11 - 38).
-37
What is -56 - -22 - (-24 + 4) - (4 + -125 - 0)?
107
What is the value of -13 - (21 - 11 - (20 - (-1 - -13)))?
-15
Evaluate (-4 + 52 + 10 + -4 - -10) + 0 - -2.
66
Calculate -17 + (-41 - (35 + -102)).
9
Calculate -3 + 23 + (-31 - -120 - 49).
60
Calculate -4 - ((9 - -2) + 22 + 2).
-39
What is -48 + 2 - (2656 - 2735)?
33
Calculate -10 - -41 - (-4 + 9 - (8 - 3)).
31
8 + -6 - (0 + 18) - (-3833 + 3698)
119
-8 + (1 + (15 - 14) + 6 + 0 - 32)
-32
Evaluate 87 + -31 + 41 + (37 - 14).
120
What is the value of (48 + -13 - -48) + (5 - 7) + (-3 - -2)?
80
37 + (-56 - 22) + -16
-57
Evaluate (-3 - 2) + 58 + -40 - (39 - -1).
-27
-3 - (-19 - (3 + -2) - (-69 + -43 + 104))
9
22 + 10 - -21 - 107
-54
What is the value of 48 + -99 + 5 - (-4 + 2 + -5)?
-39
Calculate 113 + -6 + (-21 - 30).
56
Calculate (6 - (-3 + 7)) + 0 - (1 - 46).
47
Calculate (21 - -37) + -5 - 139.
-86
What is 0 - 1 - 5 - (-99 - (-83 + 18))?
28
What is (-56 - -31) + 7 + (-6 - 2 - -9)?
-17
What is the value of 14 + (-126 - -38 - -91)?
17
Evaluate (-1 + -5 - -18 - 8) + -49 + 23.
-22
What is 92 + -172 + 56 + 135?
111
What is the value of (26 - -5) + -15 + 28 + -11?
33
(49 + 2 + -18 + 4 - 4) + 11
44
What is -2128 + 2117 - (-1 + -107)?
97
Evaluate -6 - -52 - (-2 + (8 - 2) + 9).
33
Calculate (66 - 78) + (-1 - 92 - (60 - 65)).
-100
1 + 8 + 55 + (-5 + 8 + -12 - -6)
61
Calculate 79 + -26 + (-48 - -58).
63
Evaluate -10 - ((0 - (-1 - 8)) + 21).
-40
23 - (-14 + -16 + 78 + 12)
-37
Calculate 40 - (-1 + (-6 - (12 + (-3 - -4)))).
60
(1 - 54) + -21 + 18 + (90 - 79)
-45
-7 - (3 - (-6 - -7)) - -39
30
Evaluate 508 + -557 - (-3 - -11).
-57
Evaluate (-12 - 0) + (66 - (1 + (18 - -12))).
23
Calculate 30 - -38 - 85 - (6 - -4).
-27
Calculate -138 + -12 - -52 - (4 - 27).
-75
Calculate -70 + 236 - 157 - (-1 + -25 + 1).
34
Calculate (20 + 65 - 68) + -36 + 3.
-16
Calculate -36 + (-3 - (-11 + 22 + -23)).
-27
Evaluate -63 - (3 + -3 + -1 - ((-2 - 5) + 3)).
-66
Calculate (992 - 1028) + (54 - 2).
16
(-4 - -6) + 5 - ((-22 - (-10 - 3)) + 82)
-66
Calculate (8 - -8) + (-47 + 21 - -17).
7
What is -35 - (-28 + -48 - 5)?
46
Calculate -10 + ((-10 - (-13 + -2)) + (-13 - 3) - -103).
82
What is the value of 20 + -8 - (11 - (1 + 87 + -41 + 32))?
80
(-36 + 14 - (-33 - -20)) + 4 + 87
82
What is the value of 7 + -22 - (7 + -6 + -12) - -1?
-3
(-31 - 1) + 103 + -135 + 103
39
What is the value of -11 + (-33 + 34 - -125)?
115
15 - (44 - 33) - ((1 - 2) + 0) - 16
-11
Evaluate (4 - (2 - -4)) + 9 + 21 + -17 - -70.
81
-1 - -21 - (-72 - (-45 - 47))
0
Calculate -132 + (-70 - -67) + 91.
-44
What is (1 - -17 - 62 - -35) + -19?
-28
Evaluate -2 + (-2 + -2 + 3 - (-52 - -9)).
40
What is 1 - (54 + -25 + -49)?
21
Evaluate (-14 - 26 - -22) + (2 - (-2 - 7)).
-7
What is the value of (5 - (2 - -59)) + -3 - (-158 - -167)?
-68
What is the value of (-96 - -57 - -18) + 104?
83
What is the value of (11 - 4) + -3 + (47 - 71)?
-20
What is the value of 2 - -11 - 30 - -17 - 65?
-65
(-81 - -2) + (-2 + -1 - 18 - (-6 - 20))
-74
56 + 18 + 14 + -29 - -14 - -3
76
(-12 - 7) + 129 + -85
25
0 + 0 + (-109 - (27 - (57 + -22))) + 19
-82
Calculate -1 - (-41 + (-6 - (-18 + 4) - (-8 + 11))).
35
Evaluate 1697 + -1711 + (-1 - -10).
-5
-29 + (8 - ((2 - -9) + -17)) + -28
-43
Calculate (-67 - 59) + 52 + 54.
-20
What is (-36 - 12) + 18 + (-4 - 4)?
-38
What is -11 + 34 + (27 + 50 - 94)?
6
(17 + 11 - 35) + (